{"id":124999,"date":"2025-09-04T03:31:28","date_gmt":"2025-09-04T01:31:28","guid":{"rendered":"https:\/\/www.aivp.org\/evenements\/webinar-hacia-la-declaracion-de-lisboa-como-abordar-desafios-globales-en-las-ciudades-portuarias\/"},"modified":"2025-09-04T03:31:31","modified_gmt":"2025-09-04T01:31:31","slug":"webinar-hacia-la-declaracion-de-lisboa-como-abordar-desafios-globales-en-las-ciudades-portuarias","status":"publish","type":"evenements","link":"https:\/\/www.aivp.org\/es\/eventos\/webinar-hacia-la-declaracion-de-lisboa-como-abordar-desafios-globales-en-las-ciudades-portuarias\/","title":{"rendered":"Webinar \u00abHacia la declaraci\u00f3n de Lisboa: c\u00f3mo abordar desaf\u00edos globales en las ciudades portuarias\u00bb"},"content":{"rendered":"<p>Las ciudades portuarias est\u00e1n en primera l\u00ednea de grandes desaf\u00edos mundiales, como la subida del nivel del mar, la descarbonizaci\u00f3n del transporte mar\u00edtimo y las zonas urbanas, y la protecci\u00f3n de los oc\u00e9anos. La Conferencia de las Naciones Unidas sobre los Oc\u00e9anos que se celebrar\u00e1 en 2025 en Niza, o las COP anuales de la CMNUCC son momentos clave para acelerar las pol\u00edticas y fomentar la cooperaci\u00f3n. Los actores de las ciudades portuarias est\u00e1n implementando nuevas funciones y ampliando sus papeles para responder a estos retos. &#13;<br \/>\n&#13;<br \/>\n&#8211; \u00bfc\u00f3mo est\u00e1n estos actores promoviendo soluciones innovadoras en los territorios de las ciudades portuarias? &#13;<br \/>\n&#8211; \u00bfY cu\u00e1les son sus expectativas ante estos acontecimientos mundiales liderados por la ONU? &#13;<br \/>\n&#8211; \u00bfCu\u00e1les son las exigencias?&#13;<br \/>\n&#13;<br \/>\nDurante la Conferencia Mundial de la AIVP de Lisboa 2024 emitiremos una declaraci\u00f3n que recoger\u00e1 las expectativas de los actores de las ciudades portuarias sobre los temas globales. Este webinario explorar\u00e1 los proyectos innovadores lanzados por el Puerto de Lisboa y otros miembros de la AIVP e iniciar\u00e1 los primeros debates, dando a todos los actores interesados tiempo para reflexionar.&#13;<br \/>\n&#13;<br \/>\nEn el webinar tambi\u00e9n repasaremos el programa de la 19\u00aa Conferencia Mundial sobre Ciudades y Puertos, que tendr\u00e1 lugar del 27 al 29 de noviembre de 2024 en la Fundaci\u00f3n Champalimaud, en Lisboa. El t\u00edtulo de este a\u00f1o, \u00abPuertos abiertos: Dirigir los flujos entre las personas, el planeta y las ciudades portuarias\u00bb servir\u00e1 de hilo conductor para nuestro debate.&#13;<br \/>\n&#13;<br \/>\n\u00danase a nosotros en esta sesi\u00f3n interactiva y enriquecedora y prep\u00e1rese para participar activamente en los debates sobre el futuro de las ciudades portuarias.&#13;<\/p>\n","protected":false},"excerpt":{"rendered":"<p>Las ciudades portuarias est\u00e1n en primera l\u00ednea de grandes desaf\u00edos mundiales, como la subida del [&hellip;]<\/p>\n","protected":false},"featured_media":0,"menu_order":0,"template":"","meta":{"_acf_changed":false},"class_list":["post-124999","evenements","type-evenements","status-publish","hentry"],"acf":[],"yoast_head":"<!-- This site is optimized with the Yoast SEO plugin v26.8 - https:\/\/yoast.com\/product\/yoast-seo-wordpress\/ -->\n<title>Webinar &quot;Hacia la declaraci\u00f3n de Lisboa: c\u00f3mo abordar desaf\u00edos globales en las ciudades portuarias&quot; - AIVP<\/title>\n<meta name=\"robots\" content=\"index, follow, max-snippet:-1, max-image-preview:large, max-video-preview:-1\" \/>\n<link rel=\"canonical\" href=\"https:\/\/www.aivp.org\/es\/eventos\/webinar-hacia-la-declaracion-de-lisboa-como-abordar-desafios-globales-en-las-ciudades-portuarias\/\" \/>\n<meta property=\"og:locale\" content=\"es_ES\" \/>\n<meta property=\"og:type\" content=\"article\" \/>\n<meta property=\"og:title\" content=\"Webinar &quot;Hacia la declaraci\u00f3n de Lisboa: c\u00f3mo abordar desaf\u00edos globales en las ciudades portuarias&quot; - AIVP\" \/>\n<meta property=\"og:description\" content=\"Las ciudades portuarias est\u00e1n en primera l\u00ednea de grandes desaf\u00edos mundiales, como la subida del [&hellip;]\" \/>\n<meta property=\"og:url\" content=\"https:\/\/www.aivp.org\/es\/eventos\/webinar-hacia-la-declaracion-de-lisboa-como-abordar-desafios-globales-en-las-ciudades-portuarias\/\" \/>\n<meta property=\"og:site_name\" content=\"AIVP\" \/>\n<meta property=\"article:modified_time\" content=\"2025-09-04T01:31:31+00:00\" \/>\n<meta name=\"twitter:card\" content=\"summary_large_image\" \/>\n<meta name=\"twitter:label1\" content=\"Tiempo de lectura\" \/>\n\t<meta name=\"twitter:data1\" content=\"1 minuto\" \/>\n<script type=\"application\/ld+json\" class=\"yoast-schema-graph\">{\"@context\":\"https:\/\/schema.org\",\"@graph\":[{\"@type\":\"WebPage\",\"@id\":\"https:\/\/www.aivp.org\/es\/eventos\/webinar-hacia-la-declaracion-de-lisboa-como-abordar-desafios-globales-en-las-ciudades-portuarias\/\",\"url\":\"https:\/\/www.aivp.org\/es\/eventos\/webinar-hacia-la-declaracion-de-lisboa-como-abordar-desafios-globales-en-las-ciudades-portuarias\/\",\"name\":\"Webinar \\\"Hacia la declaraci\u00f3n de Lisboa: c\u00f3mo abordar desaf\u00edos globales en las ciudades portuarias\\\" - AIVP\",\"isPartOf\":{\"@id\":\"https:\/\/www.aivp.org\/es\/#website\"},\"datePublished\":\"2025-09-04T01:31:28+00:00\",\"dateModified\":\"2025-09-04T01:31:31+00:00\",\"breadcrumb\":{\"@id\":\"https:\/\/www.aivp.org\/es\/eventos\/webinar-hacia-la-declaracion-de-lisboa-como-abordar-desafios-globales-en-las-ciudades-portuarias\/#breadcrumb\"},\"inLanguage\":\"es\",\"potentialAction\":[{\"@type\":\"ReadAction\",\"target\":[\"https:\/\/www.aivp.org\/es\/eventos\/webinar-hacia-la-declaracion-de-lisboa-como-abordar-desafios-globales-en-las-ciudades-portuarias\/\"]}]},{\"@type\":\"BreadcrumbList\",\"@id\":\"https:\/\/www.aivp.org\/es\/eventos\/webinar-hacia-la-declaracion-de-lisboa-como-abordar-desafios-globales-en-las-ciudades-portuarias\/#breadcrumb\",\"itemListElement\":[{\"@type\":\"ListItem\",\"position\":1,\"name\":\"Home\",\"item\":\"https:\/\/www.aivp.org\/es\/\"},{\"@type\":\"ListItem\",\"position\":2,\"name\":\"Eventos\",\"item\":\"https:\/\/www.aivp.org\/es\/eventos\/\"},{\"@type\":\"ListItem\",\"position\":3,\"name\":\"Webinar \u00abHacia la declaraci\u00f3n de Lisboa: c\u00f3mo abordar desaf\u00edos globales en las ciudades portuarias\u00bb\"}]},{\"@type\":\"WebSite\",\"@id\":\"https:\/\/www.aivp.org\/es\/#website\",\"url\":\"https:\/\/www.aivp.org\/es\/\",\"name\":\"AIVP\",\"description\":\"Inspiring people of port cities\",\"publisher\":{\"@id\":\"https:\/\/www.aivp.org\/es\/#organization\"},\"potentialAction\":[{\"@type\":\"SearchAction\",\"target\":{\"@type\":\"EntryPoint\",\"urlTemplate\":\"https:\/\/www.aivp.org\/es\/?s={search_term_string}\"},\"query-input\":{\"@type\":\"PropertyValueSpecification\",\"valueRequired\":true,\"valueName\":\"search_term_string\"}}],\"inLanguage\":\"es\"},{\"@type\":\"Organization\",\"@id\":\"https:\/\/www.aivp.org\/es\/#organization\",\"name\":\"AIVP\",\"url\":\"https:\/\/www.aivp.org\/es\/\",\"logo\":{\"@type\":\"ImageObject\",\"inLanguage\":\"es\",\"@id\":\"https:\/\/www.aivp.org\/es\/#\/schema\/logo\/image\/\",\"url\":\"https:\/\/www.aivp.org\/wp-content\/uploads\/2020\/07\/cropped-favicon.png\",\"contentUrl\":\"https:\/\/www.aivp.org\/wp-content\/uploads\/2020\/07\/cropped-favicon.png\",\"width\":512,\"height\":512,\"caption\":\"AIVP\"},\"image\":{\"@id\":\"https:\/\/www.aivp.org\/es\/#\/schema\/logo\/image\/\"}}]}<\/script>\n<!-- \/ Yoast SEO plugin. -->","yoast_head_json":{"title":"Webinar \"Hacia la declaraci\u00f3n de Lisboa: c\u00f3mo abordar desaf\u00edos globales en las ciudades portuarias\" - AIVP","robots":{"index":"index","follow":"follow","max-snippet":"max-snippet:-1","max-image-preview":"max-image-preview:large","max-video-preview":"max-video-preview:-1"},"canonical":"https:\/\/www.aivp.org\/es\/eventos\/webinar-hacia-la-declaracion-de-lisboa-como-abordar-desafios-globales-en-las-ciudades-portuarias\/","og_locale":"es_ES","og_type":"article","og_title":"Webinar \"Hacia la declaraci\u00f3n de Lisboa: c\u00f3mo abordar desaf\u00edos globales en las ciudades portuarias\" - AIVP","og_description":"Las ciudades portuarias est\u00e1n en primera l\u00ednea de grandes desaf\u00edos mundiales, como la subida del [&hellip;]","og_url":"https:\/\/www.aivp.org\/es\/eventos\/webinar-hacia-la-declaracion-de-lisboa-como-abordar-desafios-globales-en-las-ciudades-portuarias\/","og_site_name":"AIVP","article_modified_time":"2025-09-04T01:31:31+00:00","twitter_card":"summary_large_image","twitter_misc":{"Tiempo de lectura":"1 minuto"},"schema":{"@context":"https:\/\/schema.org","@graph":[{"@type":"WebPage","@id":"https:\/\/www.aivp.org\/es\/eventos\/webinar-hacia-la-declaracion-de-lisboa-como-abordar-desafios-globales-en-las-ciudades-portuarias\/","url":"https:\/\/www.aivp.org\/es\/eventos\/webinar-hacia-la-declaracion-de-lisboa-como-abordar-desafios-globales-en-las-ciudades-portuarias\/","name":"Webinar \"Hacia la declaraci\u00f3n de Lisboa: c\u00f3mo abordar desaf\u00edos globales en las ciudades portuarias\" - AIVP","isPartOf":{"@id":"https:\/\/www.aivp.org\/es\/#website"},"datePublished":"2025-09-04T01:31:28+00:00","dateModified":"2025-09-04T01:31:31+00:00","breadcrumb":{"@id":"https:\/\/www.aivp.org\/es\/eventos\/webinar-hacia-la-declaracion-de-lisboa-como-abordar-desafios-globales-en-las-ciudades-portuarias\/#breadcrumb"},"inLanguage":"es","potentialAction":[{"@type":"ReadAction","target":["https:\/\/www.aivp.org\/es\/eventos\/webinar-hacia-la-declaracion-de-lisboa-como-abordar-desafios-globales-en-las-ciudades-portuarias\/"]}]},{"@type":"BreadcrumbList","@id":"https:\/\/www.aivp.org\/es\/eventos\/webinar-hacia-la-declaracion-de-lisboa-como-abordar-desafios-globales-en-las-ciudades-portuarias\/#breadcrumb","itemListElement":[{"@type":"ListItem","position":1,"name":"Home","item":"https:\/\/www.aivp.org\/es\/"},{"@type":"ListItem","position":2,"name":"Eventos","item":"https:\/\/www.aivp.org\/es\/eventos\/"},{"@type":"ListItem","position":3,"name":"Webinar \u00abHacia la declaraci\u00f3n de Lisboa: c\u00f3mo abordar desaf\u00edos globales en las ciudades portuarias\u00bb"}]},{"@type":"WebSite","@id":"https:\/\/www.aivp.org\/es\/#website","url":"https:\/\/www.aivp.org\/es\/","name":"AIVP","description":"Inspiring people of port cities","publisher":{"@id":"https:\/\/www.aivp.org\/es\/#organization"},"potentialAction":[{"@type":"SearchAction","target":{"@type":"EntryPoint","urlTemplate":"https:\/\/www.aivp.org\/es\/?s={search_term_string}"},"query-input":{"@type":"PropertyValueSpecification","valueRequired":true,"valueName":"search_term_string"}}],"inLanguage":"es"},{"@type":"Organization","@id":"https:\/\/www.aivp.org\/es\/#organization","name":"AIVP","url":"https:\/\/www.aivp.org\/es\/","logo":{"@type":"ImageObject","inLanguage":"es","@id":"https:\/\/www.aivp.org\/es\/#\/schema\/logo\/image\/","url":"https:\/\/www.aivp.org\/wp-content\/uploads\/2020\/07\/cropped-favicon.png","contentUrl":"https:\/\/www.aivp.org\/wp-content\/uploads\/2020\/07\/cropped-favicon.png","width":512,"height":512,"caption":"AIVP"},"image":{"@id":"https:\/\/www.aivp.org\/es\/#\/schema\/logo\/image\/"}}]}},"_links":{"self":[{"href":"https:\/\/www.aivp.org\/es\/wp-json\/wp\/v2\/evenements\/124999","targetHints":{"allow":["GET"]}}],"collection":[{"href":"https:\/\/www.aivp.org\/es\/wp-json\/wp\/v2\/evenements"}],"about":[{"href":"https:\/\/www.aivp.org\/es\/wp-json\/wp\/v2\/types\/evenements"}],"wp:attachment":[{"href":"https:\/\/www.aivp.org\/es\/wp-json\/wp\/v2\/media?parent=124999"}],"curies":[{"name":"wp","href":"https:\/\/api.w.org\/{rel}","templated":true}]}}

Webinar «Hacia la declaración de Lisboa: cómo abordar desafíos globales en las ciudades portuarias»

<p>Las ciudades portuarias están en primera línea de grandes desafíos mundiales, como la subida del nivel del mar, la descarbonización del transporte marítimo y las zonas urbanas, y la protección de los océanos. La Conferencia de las Naciones Unidas sobre los Océanos que se celebrará en 2025 en Niza, o las COP anuales de la CMNUCC son momentos clave para acelerar las políticas y fomentar la cooperación. Los actores de las ciudades portuarias están implementando nuevas funciones y ampliando sus papeles para responder a estos retos. &#13;<br />
&#13;<br />
&#8211; ¿cómo están estos actores promoviendo soluciones innovadoras en los territorios de las ciudades portuarias? &#13;<br />
&#8211; ¿Y cuáles son sus expectativas ante estos acontecimientos mundiales liderados por la ONU? &#13;<br />
&#8211; ¿Cuáles son las exigencias?&#13;<br />
&#13;<br />
Durante la Conferencia Mundial de la AIVP de Lisboa 2024 emitiremos una declaración que recogerá las expectativas de los actores de las ciudades portuarias sobre los temas globales. Este webinario explorará los proyectos innovadores lanzados por el Puerto de Lisboa y otros miembros de la AIVP e iniciará los primeros debates, dando a todos los actores interesados tiempo para reflexionar.&#13;<br />
&#13;<br />
En el webinar también repasaremos el programa de la 19ª Conferencia Mundial sobre Ciudades y Puertos, que tendrá lugar del 27 al 29 de noviembre de 2024 en la Fundación Champalimaud, en Lisboa. El título de este año, «Puertos abiertos: Dirigir los flujos entre las personas, el planeta y las ciudades portuarias» servirá de hilo conductor para nuestro debate.&#13;<br />
&#13;<br />
Únase a nosotros en esta sesión interactiva y enriquecedora y prepárese para participar activamente en los debates sobre el futuro de las ciudades portuarias.&#13;</p>

<p>Las ciudades portuarias están en primera línea de grandes desafíos mundiales, como la subida del [&hellip;]</p>

<!-- This site is optimized with the Yoast SEO plugin v26.8 - https://yoast.com/product/yoast-seo-wordpress/ -->
<title>Webinar &quot;Hacia la declaración de Lisboa: cómo abordar desafíos globales en las ciudades portuarias&quot; - AIVP</title>
<meta name="robots" content="index, follow, max-snippet:-1, max-image-preview:large, max-video-preview:-1" />
<link rel="canonical" href="https://www.aivp.org/es/eventos/webinar-hacia-la-declaracion-de-lisboa-como-abordar-desafios-globales-en-las-ciudades-portuarias/" />
<meta property="og:locale" content="es_ES" />
<meta property="og:type" content="article" />
<meta property="og:title" content="Webinar &quot;Hacia la declaración de Lisboa: cómo abordar desafíos globales en las ciudades portuarias&quot; - AIVP" />
<meta property="og:description" content="Las ciudades portuarias están en primera línea de grandes desafíos mundiales, como la subida del [&hellip;]" />
<meta property="og:url" content="https://www.aivp.org/es/eventos/webinar-hacia-la-declaracion-de-lisboa-como-abordar-desafios-globales-en-las-ciudades-portuarias/" />
<meta property="og:site_name" content="AIVP" />
<meta property="article:modified_time" content="2025-09-04T01:31:31+00:00" />
<meta name="twitter:card" content="summary_large_image" />
<meta name="twitter:label1" content="Tiempo de lectura" />
	<meta name="twitter:data1" content="1 minuto" />
<script type="application/ld+json" class="yoast-schema-graph">{"@context":"https://schema.org","@graph":[{"@type":"WebPage","@id":"https://www.aivp.org/es/eventos/webinar-hacia-la-declaracion-de-lisboa-como-abordar-desafios-globales-en-las-ciudades-portuarias/","url":"https://www.aivp.org/es/eventos/webinar-hacia-la-declaracion-de-lisboa-como-abordar-desafios-globales-en-las-ciudades-portuarias/","name":"Webinar \"Hacia la declaración de Lisboa: cómo abordar desafíos globales en las ciudades portuarias\" - AIVP","isPartOf":{"@id":"https://www.aivp.org/es/#website"},"datePublished":"2025-09-04T01:31:28+00:00","dateModified":"2025-09-04T01:31:31+00:00","breadcrumb":{"@id":"https://www.aivp.org/es/eventos/webinar-hacia-la-declaracion-de-lisboa-como-abordar-desafios-globales-en-las-ciudades-portuarias/#breadcrumb"},"inLanguage":"es","potentialAction":[{"@type":"ReadAction","target":["https://www.aivp.org/es/eventos/webinar-hacia-la-declaracion-de-lisboa-como-abordar-desafios-globales-en-las-ciudades-portuarias/"]}]},{"@type":"BreadcrumbList","@id":"https://www.aivp.org/es/eventos/webinar-hacia-la-declaracion-de-lisboa-como-abordar-desafios-globales-en-las-ciudades-portuarias/#breadcrumb","itemListElement":[{"@type":"ListItem","position":1,"name":"Home","item":"https://www.aivp.org/es/"},{"@type":"ListItem","position":2,"name":"Eventos","item":"https://www.aivp.org/es/eventos/"},{"@type":"ListItem","position":3,"name":"Webinar «Hacia la declaración de Lisboa: cómo abordar desafíos globales en las ciudades portuarias»"}]},{"@type":"WebSite","@id":"https://www.aivp.org/es/#website","url":"https://www.aivp.org/es/","name":"AIVP","description":"Inspiring people of port cities","publisher":{"@id":"https://www.aivp.org/es/#organization"},"potentialAction":[{"@type":"SearchAction","target":{"@type":"EntryPoint","urlTemplate":"https://www.aivp.org/es/?s={search_term_string}"},"query-input":{"@type":"PropertyValueSpecification","valueRequired":true,"valueName":"search_term_string"}}],"inLanguage":"es"},{"@type":"Organization","@id":"https://www.aivp.org/es/#organization","name":"AIVP","url":"https://www.aivp.org/es/","logo":{"@type":"ImageObject","inLanguage":"es","@id":"https://www.aivp.org/es/#/schema/logo/image/","url":"https://www.aivp.org/wp-content/uploads/2020/07/cropped-favicon.png","contentUrl":"https://www.aivp.org/wp-content/uploads/2020/07/cropped-favicon.png","width":512,"height":512,"caption":"AIVP"},"image":{"@id":"https://www.aivp.org/es/#/schema/logo/image/"}}]}</script>
<!-- / Yoast SEO plugin. -->

Webinar "Hacia la declaración de Lisboa: cómo abordar desafíos globales en las ciudades portuarias" - AIVP

Las ciudades portuarias están en primera línea de grandes desafíos mundiales, como la subida del [&hellip;]
